6171 is divided by 1961.
288
Calculate the remainder when 13372 is divided by 1663.
68
What is the remainder when 9017 is divided by 9012?
5
What is the remainder when 638169 is divided by 592?
585
What is the remainder when 3741 is divided by 294?
213
Calculate the remainder when 10284 is divided by 1464.
36
Calculate the remainder when 57348 is divided by 93.
60
What is the remainder when 36750 is divided by 41?
14
What is the remainder when 6645 is divided by 78?
15
What is the remainder when 203121 is divided by 1319?
1314
Calculate the remainder when 306546 is divided by 76634.
10
What is the remainder when 1464 is divided by 403?
255
What is the remainder when 17554 is divided by 1755?
4
What is the remainder when 7025 is divided by 3495?
35
What is the remainder when 3310915 is divided by 306?
301
What is the remainder when 605 is divided by 86?
3
What is the remainder when 56847 is divided by 62?
55
What is the remainder when 1352753 is divided by 18?
17
Calculate the remainder when 508390 is divided by 25419.
10
Calculate the remainder when 374 is divided by 71.
19
What is the remainder when 200346 is divided by 50085?
6
Calculate the remainder when 63025 is divided by 5.
0
Calculate the remainder when 69567 is divided by 1364.
3
What is the remainder when 1753046 is divided by 146087?
2
Calculate the remainder when 1156 is divided by 521.
114
Calculate the remainder when 47107 is divided by 9411.
52
What is the remainder when 81709 is divided by 313?
16
What is the remainder when 7386 is divided by 85?
76
What is the remainder when 14353 is divided by 277?
226
What is the remainder when 9116 is divided by 402?
272
Calculate the remainder when 10884 is divided by 2992.
1908
Calculate the remainder when 150441 is divided by 1535.
11
What is the remainder when 20277 is divided by 118?
99
What is the remainder when 98143 is divided by 32707?
22
What is the remainder when 38813 is divided by 3?
2
What is the remainder when 917 is divided by 71?
65
Calculate the remainder when 150900 is divided by 4310.
50
Calculate the remainder when 27499 is divided by 277.
76
What is the remainder when 902561 is divided by 281?
270
Calculate the remainder when 25194 is divided by 20.
14
Calculate the remainder when 107756 is divided by 30.
26
What is the remainder when 10316 is divided by 1289?
4
Calculate the remainder when 2497 is divided by 127.
84
What is the remainder when 1701 is divided by 638?
425
Calculate the remainder when 49609 is divided by 991.
59
Calculate the remainder when 55170 is divided by 26.
24
Calculate the remainder when 122719 is divided by 590.
589
What is the remainder when 3508 is divided by 217?
36
Calculate the remainder when 133818 is divided by 289.
11
What is the remainder when 54931 is divided by 109?
104
Calculate the remainder when 2030 is divided by 1040.
990
Calculate the remainder when 7109 is divided by 1848.
1565
Calculate the remainder when 1851 is divided by 184.
11
Calculate the remainder when 652644 is divided by 475.
469
Calculate the remainder when 21442 is divided by 874.
466
What is the remainder when 10299 is divided by 17?
14
Calculate the remainder when 135264 is divided by 13.
12
What is the remainder when 1148 is divided by 366?
50
Calculate the remainder when 1822 is divided by 449.
26
Calculate the remainder when 87426 is divided by 449.
320
What is the remainder when 174645 is divided by 707?
16
What is the remainder when 25397 is divided by 731?
543
Calculate the remainder when 235589 is divided by 39.
29
Calculate the remainder when 207284 is divided by 39.
38
What is the remainder when 2182 is divided by 106?
62
Calculate the remainder when 895723 is divided by 127960.
3
What is the remainder when 158691 is divided by 136?
115
Calculate the remainder when 5531062 is divided by 132.
130
Calculate the remainder when 5322 is divided by 1111.
878
Calculate the remainder when 4703 is divided by 1446.
365
What is the remainder when 162813 is divided by 162?
3
Calculate the remainder when 1702 is divided by 1672.
30
Calculate the remainder when 349756 is divided by 51.
49
What is the remainder when 25502 is divided by 128?
30
What is the remainder when 56832 is divided by 362?
360
What is the remainder when 693 is divided by 484?
209
What is the remainder when 1727 is divided by 440?
407
Calculate the remainder when 96189 is divided by 815.
19
Calculate the remainder when 4774 is divided by 262.
58
What is the remainder when 1465 is divided by 1465?
0
Calculate the remainder when 30574 is divided by 1455.
19
What is the remainder when 287498 is divided by 230?
228
What is the remainder when 137765 is divided by 68?
65
What is the remainder when 89752 is divided by 63?
40
What is the remainder when 395 is divided by 206?
189
What is the remainder when 251156 is divided by 299?
295
What is the remainder when 8770433 is divided by 47?
45
What is the remainder when 29553 is divided by 1181?
28
Calculate the remainder when 31017 is divided by 33.
30
What is the remainder when 1327 is divided by 426?
49
What is the remainder when 10194 is divided by 2938?
1380
Calculate the remainder when 2954 is divided by 64.
10
What is the remainder when 3010 is divided by 14?
0
What is the remainder when 1955 is divided by 426?
251
What is the remainder when 12015 is divided by 1326?
81
What is the remainder when 316383 is divided by 243?
240
What is the remainder when 1754 is divided by 470?
344
What is the remainder when 73513 is divided by 35?
13
What is the remainder when 16673 is divided by 1365?
293
Calculate the remainder when 5833 is divided by 2612.
609
What is the remainder when 34452 is divided by 547?
538
What is the remainder when 2659 is divided by 13?
7
Calculate the remainder when 2793 is divided by 173.
25
Calculate the remainder when 765552 is divided by 255182.
6
What is the remainder when 24067 is divided by 159?
58
Calculate the remainder when 1463 is divided by 760.
703
What is the remainder when 142235 is divided by 20?
15
What is the remainder when 1348 is divided by 585?
178
Calculate the remainder when 10633 is divided by 1063.
3
Calculate the remainder when 566 is divided by 161.
83
Calculate the remainder when 490844 is divided by 27269.
2
What is the remainder when 1946939 is divided by 346?
343
Calculate the remainder when 3863 is divided by 13.
2
Calculate the remainder when 765425 is divided by 106.
105
Calculate the remainder when 42559 is divided by 140.
139
Calculate the remainder when 156333 is divided by 29.
23
What is the remainder when 14405 is divided by 49?
48
What is the remainder when 86211 is divided by 86185?
26
What is the remainder when 9566 is divided by 21?
11
What is the remainder when 17119 is divided by 5676?
91
What is the remainder when 32459 is divided by 854?
7
What is the remainder when 182947 is divided by 5081?
31
Calculate the remainder when 7487 is divided by 227.
223
What is the remainder when 44894 is divided by 205?
204
What is the remainder when 415443 is divided by 191?
18
What is the remainder when 22009 is divided by 148?
105
Calculate the remainder when 228223 is divided by 133.
128
Calculate the remainder when 6200 is divided by 48.
8
Calculate the remainder when 2080 is divided by 129.
16
Calculate the remainder when 5534 is divided by 173.
171
What is the remainder when 995 is divided by 165?
5
What is the remainder when 13328 is divided by 38?
28
Calculate the remainder when 1059861 is divided by 227.
225
Calculate the remainder when 27592 is divided by 552.
544
Calculate the remainder when 5951 is divided by 161.
155
Calculate the remainder when 2984 is divided by 1440.
104
Calculate the remainder when 35348 is divided by 1073.
1012
Calculate the remainder when 2295 is divided by 456.
15
What is the remainder when 163757 is divided by 98?
97
Calculate the remainder when 3112 is divided by 65.
57
What is the remainder when 2241 is divided by 733?
42
Calculate the remainder when 3270 is divided by 126.
120
What is the remainder when 18324 is divided by 154?
152
What is the remainder when 24007 is divided by 924?
907
Calculate the remainder when 137797 is divided by 130.
127
Calculate the remainder when 340309 is divided by 3.
1
What is the rema